e o(4).
-534
Let c(m) = -5201*m + 1185819. Give c(228).
-9
Let j(t) = -t**3 + 72*t**2 + 254*t - 2357. Determine j(75).
-182
Let w(b) = 4*b**3 + 38*b**2 + 48*b - 16. Give w(-6).
200
Let y(z) = 31*z**2 - 555*z - 8653. Calculate y(-10).
-3
Let w(x) = 40*x**3 + 539*x**2 - 317*x - 329. Give w(-14).
-7
Let w(x) = x**3 + 4*x**2 + 52383*x + 261913. Calculate w(-5).
-27
Let t(g) = g**2 + 522*g + 67977. Give t(-250).
-23
Let x(b) = 871*b**2 - 91449*b - 654. Calculate x(105).
-24
Let f(d) = 2513*d**3 + 190988*d**2 + 73*d + 5547. Calculate f(-76).
-1
Let k(t) = 206*t**3 + 37495*t**2 + 545*t - 188. What is k(-182)?
-6
Let o(l) = 260*l - 6448. Give o(26).
312
Let a(s) = 481*s**2 + 3140*s - 1593. What is a(-7)?
-4
Let h(z) = -2*z**2 - 102021*z - 3975758. Determine h(-39).
19
Let h(p) = -391852*p + 783758. Calculate h(2).
54
Let y(j) = 6*j**3 + 12*j**2 + 1080*j - 1094. Give y(1).
4
Let v(y) = -y**3 - 24*y**2 - 25*y + 406. Calculate v(-23).
452
Let d(t) = t**3 - 11*t**2 - 10451*t + 94223. Determine d(9).
2
Let v(h) = -70*h**2 + 1037*h + 169. Determine v(15).
-26
Let q(c) = 17*c**3 - 10*c**2 + 759*c - 760. Calculate q(1).
6
Let j(w) = -39986*w + 160041. What is j(4)?
97
Let j(c) = -2*c**3 - 56*c**2 - 194*c + 102. What is j(-5)?
-78
Let d(s) = 6*s**2 + 1078*s + 1689. What is d(-178)?
-91
Let r(x) = 103*x + 10424. What is r(-102)?
-82
Let f(n) = n**2 - 5275*n + 120783. Give f(23).
-13
Let h(m) = 2*m**2 + 1291*m + 197852. Calculate h(-251).
-187
Let x(o) = 1950*o**3 + 40950*o**2 - 3*o - 88. Calculate x(-21).
-25
Let b(a) = 12*a**2 - 218*a - 188. Determine b(19).
2
Let o(t) = t**3 + 35*t**2 - 374*t - 4. Determine o(-44).
-972
Let h(n) = -n**3 - 184*n**2 - 181*n + 460. Give h(-183).
94
Let c(w) = -44*w**2 - 9890*w + 2237. Give c(-225).
-13
Let j(s) = -94*s + 18038. Give j(181).
1024
Let c(m) = m**3 + 22*m**2 - 123*m - 327. Give c(-25).
873
Let m(c) = -829*c + 5033. Determine m(6).
59
Let q(m) = -147670*m + 1772040. What is q(12)?
0
Let w(a) = 2*a**2 + 1234*a + 28885. Calculate w(-593).
421
Let i(j) = -j**3 + 41*j**2 - 257*j + 233. Determine i(32).
1225
Let b(v) = -33*v**3 - 182*v**2 - 113*v - 1. What is b(-5)?
139
Let d(v) = 2*v**3 + 22*v**2 + 111*v - 269. What is d(-9)?
-944
Let i(h) = -h**2 + 56630*h + 963008. Give i(-17).
9
Let b(j) = -1867*j**2 + 13064*j + 28. What is b(7)?
-7
Let s(m) = 49*m**3 + 222*m**2 + 100*m. What is s(-4)?
16
Let c(f) = -2*f**2 - 167*f + 6521. Calculate c(29).
-4
Let c(w) = 29695*w - 59456. Determine c(2).
-66
Let i(d) = 419*d + 4385. Give i(-9).
614
Let h(x) = 2*x**3 + 43*x**2 - 51*x - 87. What is h(-23)?
-501
Let q(f) = -1754*f**2 - 148*f - 254. Calculate q(-2).
-6974
Let b(i) = -723*i + 218032. Determine b(302).
-314
Let b(c) = -517*c - 37210. Calculate b(-72).
14
Let v(s) = 147*s - 344. What is v(0)?
-344
Let x(r) = -r**3 + 392*r**2 - 23*r - 29. What is x(0)?
-29
Let g(o) = 86*o**2 + 820*o + 164. Calculate g(-9).
-250
Let o(k) = -548*k - 2332. Calculate o(-4).
-140
Let o(m) = m**2 - 397*m + 37843. Give o(238).
1
Let d(i) = -24*i**2 - 1610*i - 59. Give d(-67).
75
Let y(c) = -2*c**3 + 4*c**2 + 114*c + 421. Calculate y(-4).
157
Let m(n) = 6*n**2 + 591*n + 9427. Calculate m(-20).
7
Let d(g) = 3770*g**2 - 15057*g - 90. What is d(4)?
2
Let l(y) = -7*y**2 + 4155*y - 8313. What is l(2)?
-31
Let b(z) = -43010*z + 989220. What is b(23)?
-10
Let z(t) = t**3 + 68*t**2 - 9880*t - 353. What is z(-139)?
1176
Let y(t) = 2*t**2 - 118*t - 173. Determine y(64).
467
Let f(v) = 3*v**3 - 319*v**2 - 413*v - 13695. What is f(108)?
21
Let y(k) = -k**3 - 15*k**2 + 350*k + 4919. Give y(-13).
31
Let v(o) = o**3 + 638*o**2 - 122900*o + 11895. Determine v(-793).
0
Let v(k) = 3*k**2 - 18*k + 142. What is v(11)?
307
Let i(d) = 6*d**2 + 1580*d - 117922. Calculate i(-324).
14
Let u(w) = -44091*w - 88187. What is u(-2)?
-5
Let m(s) = -47*s**3 - 3*s**2 + 2861*s + 5737. Give m(-2).
379
Let g(p) = 1841*p + 24828. Calculate g(-14).
-946
Let w(x) = x**3 - 22*x**2 + 28*x + 354. Calculate w(19).
-197
Let h(s) = -179558*s + 718238. What is h(4)?
6
Let z(a) = -5*a**3 + 156*a**2 - 1209*a - 103. Give z(16).
9
Let p(k) = 963*k**3 - 2*k**2 + 536*k + 537. What is p(-1)?
-964
Let q(x) = 7678*x - 207288. Calculate q(27).
18
Let x(w) = -3832*w - 26838. Determine x(-7).
-14
Let d(x) = 11*x**2 - 258*x + 143. Determine d(23).
28
Let l(p) = 2*p**3 + 54*p**2 + 368*p - 300. Give l(-19).
-1516
Let r(b) = -12761*b + 319024. What is r(25)?
-1
Let i(v) = -26*v**2 + 1804*v + 206784. Give i(-61).
-6
Let x(n) = 28229*n**2 - 875097*n + 42. What is x(31)?
104
Let o(l) = 215*l - 740. Determine o(7).
765
Let o(p) = -458970*p - 3212785. Give o(-7).
5
Let a(y) = -y**2 + 441213*y + 4412224. What is a(-10)?
-6
Let n(g) = 21*g**2 - 392*g + 58. Determine n(19).
191
Let d(h) = 326*h + 1909. Give d(-5).
279
Let a(s) = -18*s**2 + 1200*s + 369. Determine a(68).
-1263
Let j(t) = t**2 + 107521*t - 752645. Calculate j(7).
51
Let v(b) = -196*b + 4104. Determine v(-5).
5084
Let h(p) = -365*p**2 + 2461*p + 3672. Determine h(8).
0
Let b(v) = -v**2 + 1612*v - 246829. Calculate b(171).
-418
Let o(f) = 9*f + 1842. Give o(-199).
51
Let m(n) = n**2 + 7776*n - 242034. Determine m(31).
-17
Let i(q) = 2*q**3 + 133*q**2 + 105*q - 909. Give i(-66).
-3483
Let n(r) = -1827*r**2 - 113*r + 3. Calculate n(-1).
-1711
Let m(n) = n**3 - 33*n**2 - 144*n + 8616. Give m(25).
16
Let k(a) = 79*a - 196. Determine k(-9).
-907
Let b(o) = o**3 - 5*o**2 - 283*o + 3544. Calculate b(21).
4657
Let i(z) = 2243*z**2 + 11208*z - 32. What is i(-5)?
3
Let z(j) = -18972*j + 2599149. What is z(137)?
-15
Let k(u) = -u**3 - 40*u**2 - 209*u + 23. What is k(-18)?
-3343
Let r(g) = g**3 + 5*g**2 - 3799*g - 11406. Give r(-3).
9
Let o(g) = -10537*g + 84272. Give o(8).
-24
Let h(j) = -43708*j + 173608. Determine h(4).
-1224
Let x(f) = -f**2 - 67*f + 47868. Determine x(-255).
-72
Let s(v) = 115*v**2 + 270*v + 12. Determine s(-5).
1537
Let h(c) = c**2 - 123*c + 3043. Give h(117).
2341
Let l(w) = -2676*w + 7965. Calculate l(3).
-63
Let p(r) = 3567*r + 64211. Determine p(-18).
5
Let x(f) = 4*f**3 - 65*f**2 - 65*f + 8. Determine x(-5).
-1792
Let d(y) = -499*y**2 - 10996*y - 371. Calculate d(-22).
25
Let h(b) = b**3 + 1743*b**2 + 24218*b + 154. Calculate h(-14).
-14
Let d(n) = 43226*n - 302594. Calculate d(7).
-12
Let v(k) = -k**2 - 153*k + 64330. Calculate v(188).
222
Let t(d) = -1009401*d - 2018823. Give t(-2).
-21
Let s(t) = -t**3 + 155*t**2 + 4298*t - 363. Give s(179).
-5
Let c(l) = l**2 - 836*l + 4163. Calculate c(5).
8
Let y(r) = 4537*r + 18154. Determine y(-4).
6
Let i(m) = -11393*m + 341783. What is i(30)?
-7
Let d(o) = 52827*o - 264044. Give d(5).
91
Let t(r) = 18*r**2 - 3452*r + 6113. What is t(190)?
33
Let i(t) = -785*t + 280432. What is i(357)?
187
Let b(d) = -d**2 + 454*d + 51573. Give b(-94).
61
Let v(j) = -11*j**3 - 115*j**2 + 110*j + 919. Give v(-11).
435
Let i(g) = 321*g + 12852. Give i(-39).
333
Let h(p) = 152511*p - 2440180. What is h(16)?
-4
Let u(b) = -24777*b + 148773. What is u(6)?
111
Let q(u) = -u**3 + 509*u**2 - 708*u + 101504. Calculate q(508).
-96
Let b(z) = z**3 + 516*z**2 - 249264*z - 4860. What is b(304)?
4
Let q(h) = -6*h**3 + 26*h**2 + 212*h + 49. Determine q(-4).
1
Let j(c) = 28148*c + 309626. Determine j(-11).
-2
Let h(j) = -2*j**2 - 121*j - 1171. Give h(-47).
98
Let n(z) = -6*z**3 + 57*z**2 + 3085*z - 30553. Give n(10).
-3
Let u(r) = 136*r + 7996. What is u(-68)?
-1252
Let x(v) = 93*v**3 + 5*v**2 - 28*v - 127. Calculate x(-3).
-2509
Let g(z) = 4548*z + 204874. Give g(-45).
214
Let v(z) = z**3 - 8*z**2 - 9*z - 139. Calculate v(14).
911
Let q(h) = h**2 - 131*h - 6181. What is q(-37)?
35
Let o(l) = -l**2 + 2622*l + 1288034. Calculate o(-423).
-1
Let d(p) = -16*p**2 - 454*p - 974. Determine d(-26).
14
Let b(p) = -823*p + 103691. Calculate b(126).
-7
Let o(t) = -6*t**2 - 424*t + 56974. Give o(-139).
-16
Let a(y) = -42*y**2 + 2396*y - 78. Determine a(57).
36
Let a(q) = 2*q**3 + 155*q**2 - 481*q - 522. Calculate a(4).
162
Let p(d) = -3*d**3 - 56*d**2 - 328*d - 635. Calculate p(-7).
-54
Let q(j) = 137081*j - 822486. Determine q(6).
0
Let l(q) = 2260*q**3 + 284*q - 283. Determine l(1).
2261
Let k(b) = -2*b**3 + 82*b**2 + 76*b + 25. What is k(42)?
-311
Let m(t) = -12*t**2 + 74*t + 671. Calculate m(-5).
1
Let x(y) = -112186*y - 672988. Calcu